 (-63)/6. Let n = c - t. What is the greatest common factor of n and 120?
15
Let r(u) = 58*u + 1. Let v be r(-1). Suppose 0 = 4*t + 3*y + 159, -4*y = -t - 42 + 7. Let f = t - v. Calculate the greatest common factor of f and 6.
6
Let i(q) = -q**3 + 8*q**2 - 5*q - 9. Let r be i(7). What is the highest common divisor of 2 and r?
1
Let q(z) = -4*z**3 + 6*z**2 + 3*z**3 + 1 + 3*z**2 - 7*z. Let c be q(8). Let r = 7 - 1. Calculate the highest common factor of r and c.
3
Let q be 1/(-2)*(-150 - -6). Suppose 0 = -5*g - r - 25, 3*g - r + 15 = 2*r. Let d = 13 + g. Calculate the highest common divisor of d and q.
8
Let o = 1 + 17. Calculate the highest common factor of o and 27.
9
Suppose -n = -6*n + 10. Let p be n/(-6) + 592/12. Calculate the greatest common divisor of 7 and p.
7
Let s = 110 + -35. Let o = -1105 + 1135. What is the greatest common divisor of s and o?
15
Suppose l = 5*j + 60, 3*l - 3*j - 106 - 38 = 0. Calculate the highest common divisor of 90 and l.
45
Let g = -218 + 434. Let x = g + -118. What is the highest common divisor of 14 and x?
14
Let f(w) = -w**2 - 7*w - 1. Let k be 7/(-3) - (-2)/(-3). Let u be f(k). Suppose 0 = -2*x + 89 - 1. Calculate the highest common divisor of x and u.
11
Suppose f - 20 = -5*k, -3*f = 3*k + 2*k - 20. Suppose 0 = 3*y + 4*h - 49, 0 = 2*y - k*h - 41 + 15. Calculate the highest common divisor of y and 15.
15
Let w = 7 - 2. What is the greatest common factor of 15 and w?
5
Let s = -4 - -2. Let d(b) = -b**3 + b**2 + b - 1. Let o be d(s). Calculate the greatest common factor of 6 and o.
3
Suppose 10 = d - 0*d + 2*i, -5*d - 2*i + 42 = 0. Suppose d*a - 4*a = 60. What is the greatest common divisor of 6 and a?
3
Suppose -4*s - s = -50. Suppose -3*b + 3 = 0, -i + 2*b - b = -29. What is the highest common factor of s and i?
10
Let c be 30/9*(-3)/(-2). Let k = c + -5. Let r be k - (7/(-1) - 1). What is the highest common divisor of 4 and r?
4
Let v(j) = 36*j + 4. Let m be ((-9)/(-2))/((-9)/(-12)). Let s be v(m). Let b be (-1)/(-5) - (3924/(-20))/9. What is the highest common divisor of b and s?
22
Let i(s) = s**2 + 2*s - 7. Let h be i(-5). Let d = 33 - -31. Calculate the greatest common factor of h and d.
8
Let f = 9 - -3. Suppose k - 2*x - 16 = 0, -4*k = -0*x - 2*x - 88. What is the highest common divisor of k and f?
12
Let r = -10 + 7. Let p = 0 + r. Let l be (9*6)/(p/(-2)). What is the highest common factor of 90 and l?
18
Let o(v) = -v**2 - v + 10. Let z be o(0). Let u(g) = -28 + 0*g**3 - g**3 + z*g - 9*g**2 + 30. Let b be u(-10). Calculate the highest common factor of 2 and b.
2
Suppose -g = g - 10. Calculate the highest common factor of 25 and g.
5
Suppose 4*f + 3*i - 2*i = -4, f - 3*i = 12. Let t be 12 + -1 + 0 + f. Let s = -2 + t. What is the highest common divisor of 45 and s?
9
Suppose -5*y + 3*j + 215 = -2*j, 3*y + j - 117 = 0. What is the highest common divisor of 10 and y?
10
Suppose -f + 17 = 1. Let d = 2 + -4. Let p be 1*d - -1 - -5. Calculate the greatest common divisor of p and f.
4
Let v = 7 + -5. Suppose v = 2*c - 12. What is the greatest common factor of 49 and c?
7
Let l(x) = 2*x**2 + 10*x + 1. Let s be l(-5). Calculate the highest common divisor of 9 and s.
1
Let o(n) = n**2 - 3*n + 2. Let m be o(-4). Calculate the highest common factor of 30 and m.
30
Suppose 5*t = -4*z - 12, 0*z = -t - 2*z - 6. Let q be t/(-1) + 6 + 58. What is the greatest common divisor of q and 8?
8
Suppose 0 = 4*d - 14 - 46. Let m(g) = -3*g + 17. Let t be m(4). Calculate the greatest common factor of t and d.
5
Let v = -8 - -17. Calculate the highest common divisor of 45 and v.
9
Let s be (112/40)/(4/10). Calculate the greatest common divisor of s and 7.
7
Let j = -1 + 0. Let f = j + 4. Suppose -4*s - 44 = -2*q, -7 = -2*q - f*s + 16. What is the greatest common factor of q and 32?
16
Let w = -206 - -291. Let d = 3 + w. What is the greatest common factor of d and 8?
8
Suppose 2*y - 27 = 5*y. Let w(p) = -10 - 4*p**2 + 3*p**2 + 0*p**2 - 4*p - 10*p. Let h be w(y). What is the greatest common divisor of h and 7?
7
Let k(w) = 2*w**2 + 2*w + 1. Let a be k(-3). Let r be (51 + 1)*(-5 + 7). Calculate the greatest common divisor of r and a.
13
Let b be 0/(3/(2 + 1)). Let w be 14*(b + 9/6). Suppose 0*i + i - w = 0. What is the highest common factor of 7 and i?
7
Suppose 5*z - 4*k = 34, -5*z = k - 4 - 25. What is the greatest common divisor of 48 and z?
6
Let d be 446/4*(0 + 2). Suppose -41 - d = -3*u. What is the greatest common factor of 11 and u?
11
Let g(j) = j**2 + 12*j + 12. Let l be g(-11). Calculate the greatest common factor of l and 8.
1
Let k = -16 - -21. Suppose -f - 13 = k*n, 3*f - 32 = -2*n - 6. What is the greatest common divisor of 3 and f?
3
Let z = -22 - -35. What is the highest common factor of 78 and z?
13
Let l(r) = 12*r**2. Let k be (1 + 0)/(11 + -10). Let m be l(k). What is the highest common factor of 12 and m?
12
Suppose 2*q + 4*i + 31 = -q, -5*q - 17 = -2*i. Let f be 77 + (q + 2)/3. What is the highest common factor of 19 and f?
19
Let n(o) = -o**3 - 7*o**2 - 11. Let c be n(-8). Suppose 4*t = 19 + c. Calculate the highest common factor of t and 45.
9
Let o = -3 - -23. Let p be 8/o - 386/(-10). What is the highest common divisor of p and 13?
13
Let x = 27 - 24. Calculate the highest common factor of x and 27.
3
Let g(i) = 2*i**2 + 7*i - 1. Let v be g(-5). Let o be -1*1*0 + 154. What is the greatest common factor of v and o?
14
Suppose 0 = -2*t - 4*y + 17 - 5, 4*t - 14 = -3*y. Suppose -3*n - 3 = o, t*o - 4*o - 3*n = -9. Calculate the greatest common factor of o and 84.
12
Let n be 2/5 + 826/35. Let i = n - 4. What is the greatest common divisor of i and 10?
10
Let t = -26 + 111. Calculate the highest common divisor of t and 17.
17
Suppose 2*j - j = -2. Let x be 560/7*(-1)/j. Calculate the highest common divisor of x and 5.
5
Let d(x) = 3*x**3 - x**2 + x - 1. Let t be d(1). Suppose -t*r = 5 - 1. Let s be 2*((-5)/r + 2). Calculate the greatest common divisor of 9 and s.
9
Let b(t) = -t**3 + 6*t**2 + 7*t - 4. Let w be b(5). Calculate the greatest common factor of w and 8.
8
Suppose -3*j + 0*j = -4*h + 14, -3*h + 12 = -3*j. Calculate the highest common factor of h and 14.
2
Suppose 2*f - 3*b - b = 32, 3*f + 4*b - 8 = 0. Let p be (f/10)/((-2)/(-30)). Calculate the greatest common factor of 30 and p.
6
Suppose -6 = 4*h + 2. Let i be -3 - ((-4)/h + -29). Let w be ((-36)/(-1))/(0 + 1). What is the highest common factor of i and w?
12
Suppose -5*l - 3*r = -29 - 11, 0 = 5*l - 4*r - 5. Calculate the highest common divisor of l and 5.
5
Let m(r) = 5*r**2 - 3*r - 12. Let f be m(-4). Let c be ((-6)/5)/((-6)/80). What is the highest common divisor of c and f?
16
Let l = 23 + -10. What is the highest common divisor of 52 and l?
13
Suppose -5*m - 850 = -0*m. Let r = -66 - m. Calculate the greatest common factor of 13 and r.
13
Let g = 4 - 7. Let u = g - -5. Let m = 60 - 38. What is the greatest common divisor of u and m?
2
Suppose 2*r - 2*v - 14 = -2*r, -3*v - 5 = -2*r. Let f = r - 4. Suppose 2*w + f*w = 26. What is the greatest common divisor of w and 39?
13
Suppose -2*n - 20 = -4*n + 3*h, -2*h + 31 = 5*n. Suppose -5*y + n*j + 250 = 3*j, 5*j = y - 50. Calculate the greatest common factor of 20 and y.
10
Let i be (20 - 1) + 12/12. Suppose p = 4*q + i, 3*p + 3*q = -q - 4. What is the highest common divisor of 32 and p?
4
Let m = 75 + -54. Calculate the greatest common divisor of m and 189.
21
Suppose 10 = -7*m + 2*m. Let f be 7 + (m - 0) - -1. What is the highest common factor of 12 and f?
6
Suppose 2*f - 5 = 1. Calculate the greatest common factor of f and 33.
3
Let q be 0 - 3/(-1) - -1. Suppose 0*m + 56 = q*m + 2*b, -2*b = 3*m - 42. What is the highest common factor of m and 7?
7
Let l = -30 + 37. Let g(z) = -41*z + 8. Let f be g(-7). Suppose -3*t + 205 = 4*x, -2*t - 3*t + 5*x = -f. Calculate the highest common factor of t and l.
7
Let n(r) = -r**3 + 7*r**2 - 6*r. Let f be n(6). Suppose -s + f*i - i = 68, -2*i - 66 = s. Let p = 122 + s. Calculate the greatest common factor of 13 and p.
13
Suppose -i + 3*l + 142 = 0, -4*i = 4*l - 652 + 20. Suppose u - x = -3*x + 14, -5*x + 56 = 4*u. What is the highest common factor of i and u?
14
Suppose -29 = -10*i + 11. Calculate the greatest common factor of i and 3.
1
Let s(n) = 6*n**2. 